{"id":60,"date":"2022-06-15T13:19:48","date_gmt":"2022-06-15T13:19:48","guid":{"rendered":"https:\/\/test.akparnanen.com\/?page_id=60"},"modified":"2023-02-08T11:42:24","modified_gmt":"2023-02-08T11:42:24","slug":"kirkkokoulu-ja-kylasali","status":"publish","type":"page","link":"https:\/\/test.akparnanen.com\/?page_id=60","title":{"rendered":"Kirkkokoulu ja kyl\u00e4sali"},"content":{"rendered":"\n<figure class=\"wp-block-image size-full\"><img loading=\"lazy\" width=\"576\" height=\"432\" src=\"https:\/\/test.akparnanen.com\/wp-content\/uploads\/sites\/4\/2023\/02\/kansikuva1_742x.jpg\" alt=\"\" class=\"wp-image-238\" srcset=\"https:\/\/test.akparnanen.com\/wp-content\/uploads\/sites\/4\/2023\/02\/kansikuva1_742x.jpg 576w, https:\/\/test.akparnanen.com\/wp-content\/uploads\/sites\/4\/2023\/02\/kansikuva1_742x-300x225.jpg 300w\" sizes=\"(max-width: 576px) 100vw, 576px\" \/><\/figure>\n\n\n\n<p>Kyl\u00e4ss\u00e4 on ollut perustamishistorialtaan harvinaista omatoimisuutta osoittava kirkkokoulu. Koulussa toimi peruskoulun ala-aste noin 30 oppilaan ja 2 opettajan voimin aina vuoden 2014 kev\u00e4\u00e4seen asti.<\/p>\n\n\n\n<p>Toiminnoiltaan ainutlaatuisessa rakennuksessa on toisella puolella koulun tiloja opetusluokkineen, n\u00e4iss\u00e4 toimii nyky\u00e4\u00e4n p\u00e4iv\u00e4koti&nbsp;<a href=\"https:\/\/www.paivakotipomppis.fi\/\">Pomppis<\/a>&nbsp;ja toisella puolella kirkko. Koulumuseo on kyl\u00e4l\u00e4isill\u00e4 ty\u00f6nalla tyhj\u00e4\u00e4n luokkatilaan kaikkien iloksi.<\/p>\n\n\n\n<p>Kirkkokoulurakennuksessa on kaunis kyl\u00e4kirkko tarjolla perhejuhliin. Kirkossa on istumapaikkoja 110 hengelle, soittimena toimii urut.<\/p>\n\n\n\n<p>\u200bKoulun pihapiiriss\u00e4 on lis\u00e4ksi toinen rakennus, kyl\u00e4sali. Vuonna 1999 mittavilla talkoilla rakennettua kyl\u00e4salia k\u00e4ytet\u00e4\u00e4n p\u00e4iv\u00e4kodin liikuntatilana, kyl\u00e4l\u00e4isten omiin kokoontumisiin, juhlatilaisuuksiin sek\u00e4 harrastuksiin. Kyl\u00e4salia&nbsp;<a href=\"https:\/\/test.akparnanen.com\/?page_id=68\" data-type=\"page\" data-id=\"68\">vuokrataan<\/a>&nbsp;my\u00f6s ulkopuolisille.<\/p>\n\n\n\n<p>Koululla on lis\u00e4ksi urheilukentt\u00e4, joka talveksi j\u00e4\u00e4dytet\u00e4\u00e4n luistinradaksi ja j\u00e4\u00e4kiekkokaukaloksi s\u00e4iden salliessa. Kes\u00e4ll\u00e4 kent\u00e4ll\u00e4 voi pelailla pallopelej\u00e4. Pihalta l\u00f6ytyy my\u00f6s&nbsp;frisbeegolf-kori&nbsp;odottamasta heittelij\u00f6it\u00e4.&nbsp;Pihapiirist\u00e4 l\u00f6ytyy lis\u00e4ksi&nbsp;perheen pienemm\u00e4lle v\u00e4elle leikkikentt\u00e4 keinuneen,&nbsp;liukum\u00e4kineen ja hiekkalaatikkoineen.<\/p>\n\n\n\n<p><br><br>Lis\u00e4tietoja kirkosta:<\/p>\n\n\n\n<p>Suntio, Markku Rasa p. 040-548 1954, markku.rasa@gmail.com<\/p>\n","protected":false},"excerpt":{"rendered":"<p>Kyl\u00e4ss\u00e4 on ollut perustamishistorialtaan harvinaista omatoimisuutta osoittava kirkkokoulu. Koulussa toimi peruskoulun ala-aste noin 30 oppilaan ja 2 opettajan voimin aina vuoden 2014 kev\u00e4\u00e4seen asti. Toiminnoiltaan ainutlaatuisessa rakennuksessa on toisella puolella koulun tiloja opetusluokkineen, n\u00e4iss\u00e4 toimii nyky\u00e4\u00e4n p\u00e4iv\u00e4koti&nbsp;Pomppis&nbsp;ja toisella puolella kirkko. Koulumuseo on kyl\u00e4l\u00e4isill\u00e4 ty\u00f6nalla tyhj\u00e4\u00e4n luokkatilaan kaikkien iloksi. Kirkkokoulurakennuksessa on kaunis kyl\u00e4kirkko tarjolla perhejuhliin. Kirkossa [&hellip;]<\/p>\n","protected":false},"author":1,"featured_media":238,"parent":0,"menu_order":0,"comment_status":"closed","ping_status":"closed","template":"","meta":[],"_links":{"self":[{"href":"https:\/\/test.akparnanen.com\/index.php?rest_route=\/wp\/v2\/pages\/60"}],"collection":[{"href":"https:\/\/test.akparnanen.com\/index.php?rest_route=\/wp\/v2\/pages"}],"about":[{"href":"https:\/\/test.akparnanen.com\/index.php?rest_route=\/wp\/v2\/types\/page"}],"author":[{"embeddable":true,"href":"https:\/\/test.akparnanen.com\/index.php?rest_route=\/wp\/v2\/users\/1"}],"replies":[{"embeddable":true,"href":"https:\/\/test.akparnanen.com\/index.php?rest_route=%2Fwp%2Fv2%2Fcomments&post=60"}],"version-history":[{"count":8,"href":"https:\/\/test.akparnanen.com\/index.php?rest_route=\/wp\/v2\/pages\/60\/revisions"}],"predecessor-version":[{"id":239,"href":"https:\/\/test.akparnanen.com\/index.php?rest_route=\/wp\/v2\/pages\/60\/revisions\/239"}],"wp:featuredmedia":[{"embeddable":true,"href":"https:\/\/test.akparnanen.com\/index.php?rest_route=\/wp\/v2\/media\/238"}],"wp:attachment":[{"href":"https:\/\/test.akparnanen.com\/index.php?rest_route=%2Fwp%2Fv2%2Fmedia&parent=60"}],"curies":[{"name":"wp","href":"https:\/\/api.w.org\/{rel}","templated":true}]}}